 - 5*x - 52. Let g = i + o. What is the highest common divisor of 3 and g?
3
Let p(s) = 3*s + 1. Let y(a) = a**2 + a + 2. Let g be y(0). Let h be p(g). Let x be (1 - 0) + 17*2. Calculate the highest common divisor of x and h.
7
Suppose -c = 2*s - 17, 3*s - 2*c = c + 21. Let y = 131 - 67. Calculate the greatest common divisor of s and y.
8
Suppose -3 = 3*g - 15. Calculate the highest common factor of g and 6.
2
Let r(a) be the first derivative of -a + 19/2*a**2 + 3. Let i be r(7). What is the highest common divisor of 12 and i?
12
Let m be 4/(-14) + 74/14. Let p = -8 + m. Let i be -3*10*p/9. What is the highest common factor of i and 5?
5
Let l be (68/12 + -4)*3. Calculate the highest common divisor of l and 35.
5
Suppose -3 = -3*r + 2*r - 4*w, 5*w = 5*r - 40. Let d be 188/28 + 4/14. Let f be (0 - d/1)/(-1). Calculate the greatest common divisor of r and f.
7
Suppose v + 1 + 12 = 0. Let z = v - -211. Calculate the greatest common divisor of z and 18.
18
Let m(t) = -14 + 7*t + 5*t - 5*t. Let u be m(11). What is the greatest common divisor of 7 and u?
7
Suppose 0 = 10*g - 5*g - 90. Calculate the greatest common factor of 162 and g.
18
Let a = 16 + 20. Suppose -27 = -3*b - 4*w, -b + 5*w + 13 = 4. What is the greatest common divisor of a and b?
9
Let l(a) = a**3 + 7*a**2 + 6*a + 5. Suppose 3*o + 4*k - 5*k + 15 = 0, 5*k - 10 = 2*o. Let h be l(o). Calculate the greatest common divisor of h and 5.
5
Suppose -3*x + 176 = -55. What is the highest common factor of x and 11?
11
Suppose -9*k - k + 160 = 0. Calculate the greatest common divisor of 24 and k.
8
Let w = -7 - -31. Calculate the highest common factor of 16 and w.
8
Let z be 152/10 - 1/5. Let w be 2/8 - 69/(-12). What is the greatest common divisor of w and z?
3
Suppose 0 = -12*l + l + 484. Calculate the highest common factor of 44 and l.
44
Suppose 0 = 3*v - 6 - 24. Let y(x) be the first derivative of -49*x**2/2 + x + 3. Let q be y(-1). Calculate the greatest common divisor of q and v.
10
Suppose -2*k - 2 = 0, 0 = -w - 4*k + 10 + 3. What is the greatest common divisor of 119 and w?
17
Suppose q + 32 = -3*q. Let g = -4 - q. Suppose g*m - 48 = m. What is the highest common factor of 8 and m?
8
Let q(i) = i**2 - 10*i + 10. Let g be q(11). What is the greatest common factor of 63 and g?
21
Suppose 0*y - 2 = -y. Suppose -y*k + 34 = z, 0 = -3*k + z + 11 + 35. Calculate the greatest common factor of 40 and k.
8
Suppose 3*p - 5 - 205 = 0. What is the greatest common factor of 28 and p?
14
Let b(f) = f**2 + 12*f + 12. Let y be b(-10). Let g = -7 - y. Calculate the highest common divisor of 7 and g.
1
Let f be (-3)/(87/(-43) + 2). Suppose 6*q + 62 = 2*j + 3*q, -q - f = -5*j. Calculate the greatest common divisor of 5 and j.
5
Suppose 4*y - 283 + 43 = 0. Calculate the highest common factor of 30 and y.
30
Let b(i) = 3*i**2 - 2*i. Suppose 13 + 17 = 5*g. Let w(j) = j**2 - 6*j + 6. Let u be w(g). Let h be b(u). What is the highest common divisor of h and 12?
12
Let n = 9 - -3. Let c be ((-32)/n)/(4/(-54)). What is the greatest common factor of c and 9?
9
Let r = 46 + -22. Suppose 0 = 5*w - 0*w - 15. What is the greatest common factor of r and w?
3
Let z be ((-12)/(-9))/(1/21). Let h(o) = o**3 + 4*o**2 - 3*o + 2. Let r be (2/3)/(2/(-12)). Let t be h(r). Calculate the greatest common divisor of z and t.
14
Suppose -202 - 22 = -7*u. Calculate the greatest common factor of u and 128.
32
Let b(q) = -q**3 + 7*q**2 + 2*q - 8. Let d be b(6). Suppose -2*p + 0*p = -32. Suppose 0*r + 2*r = p. What is the greatest common factor of d and r?
8
Let x(s) = -s**3 + 11*s**2 + 13*s - 6. Let c be x(12). Calculate the highest common divisor of 54 and c.
6
Let d(w) = -w**2 + 8*w - 4. Let b be d(7). What is the greatest common factor of 33 and b?
3
Let p = -10 - -20. What is the greatest common divisor of p and 20?
10
Let m be (4/(-10))/(7/(-1855)). What is the greatest common divisor of m and 265?
53
Let g(j) = -j**2 - 9*j + 12. Let t be g(-10). Let v be (-2)/1 - (t - 49). Suppose -2*l = -l - 9. Calculate the highest common factor of l and v.
9
Let d be 4/(-12)*(1 + -178). Suppose q = -2*m + 4 + d, -2*q - 2 = 0. What is the greatest common divisor of 80 and m?
16
Suppose -1 = 3*o + 4*t, -2*t - 20 = 3*t. Suppose 3 + 17 = o*b. Suppose 30 = b*z + z. What is the greatest common divisor of z and 18?
6
Suppose 684 - 1724 = -4*x. Suppose 7*z - 3*z = x. What is the greatest common factor of z and 26?
13
Suppose -8*o + 8 = -w - 3*o, -w + 4*o = 4. Calculate the greatest common factor of w and 36.
12
Let l(g) = -g**2 + 8*g + 2. Let y be l(7). Suppose -y*v = -12*v + 90. Calculate the highest common factor of v and 15.
15
Let m be 35/(210/36) + 2*1. Let n be 2/(0 - -2) - -55. What is the greatest common factor of m and n?
8
Suppose 5*m - 4*n = -8, -2*m + 3*n = -4 + 3. Let h be m/24 + 482/12. Calculate the highest common factor of h and 20.
20
Suppose -y - 1 = -4. Suppose y*q - 10 = 2. What is the greatest common divisor of 36 and q?
4
Let v be (-133 - 0)/(1/(-3)). Let w be 2/(-8) - v/(-12). What is the highest common divisor of 22 and w?
11
Let d = 40 - 28. Calculate the highest common factor of 18 and d.
6
Let z = 104 + -79. Calculate the highest common divisor of z and 50.
25
Suppose -6*r - 14 = -68. Calculate the greatest common factor of r and 3.
3
Suppose -13 = 3*b - 4*b. What is the highest common factor of b and 13?
13
Let f = 25 + -14. Calculate the highest common factor of f and 33.
11
Suppose 3*y - 6 = -3*f, y - 4*f = 5 + 7. Suppose y*o - 4*s = 52, -34 = -2*o + 4*s - 0*s. What is the greatest common divisor of o and 63?
9
Suppose 3*t - 720 = -0*t. Calculate the highest common factor of 30 and t.
30
Suppose 3*r = -6*s + 2*s + 7, 5*r = s + 4. Let u be (-1)/((r + 0)/(-11)). Suppose -4*z + 92 - 4 = 0. What is the greatest common factor of z and u?
11
Suppose -3*u + 5 = -7. Let h(w) = 5*w**2 + 4*w - 6. Let b be h(u). What is the highest common factor of 18 and b?
18
Suppose 5*a = r - 8 - 7, -4*a - 12 = 0. Suppose r = -m - 3*m + 20. Suppose -m*w = -w - 264. Calculate the highest common factor of 6 and w.
6
Suppose -5*i = -15, -4 = o - 4*i - 10. Suppose h - 2*h = -8. Suppose h = 3*x + x. What is the greatest common factor of x and o?
2
Let p(g) = 6*g - 36 + 31 + 4*g**2 + 4*g**2. Let d be p(3). What is the greatest common divisor of 34 and d?
17
Suppose -4*m - 111 = -2*n + n, 2*m - 81 = -n. Calculate the greatest common factor of n and 13.
13
Let y = -5 + 13. Let n = 28 - -60. Calculate the highest common factor of n and y.
8
Let b = 15 + -9. Let z = 106 - 64. What is the greatest common factor of b and z?
6
Let t(w) = -w**2 - 3*w + 7. Let x be t(-5). Let q = x - -18. What is the highest common divisor of 30 and q?
15
Let t(u) be the third derivative of u**5/60 - 5*u**4/24 - u**3/2 + 2*u**2. Let c be t(7). Calculate the greatest common divisor of c and 88.
11
Suppose 0 = -8*a + 10*a - 2. Let k be (6*1)/((-9)/(-12)). Calculate the greatest common divisor of k and a.
1
Let q = 226 + -149. Suppose -3*a = 2*a + 3*u - 64, 3*u + 2 = a. Calculate the greatest common factor of q and a.
11
Let y be ((-156)/(-10))/((-8)/(-20)). Let n = -21 + y. Calculate the highest common factor of n and 6.
6
Let h be 10/6 - (-2)/(-3). Calculate the greatest common divisor of 5 and h.
1
Let f be 2*-9*(-1)/2. Suppose 5*q + 4 = 19. Calculate the highest common divisor of f and q.
3
Let s be ((-14)/(-8))/(15/60). Suppose 0 = -3*w + 4*w - s. Let t = 4 - -31. What is the greatest common divisor of t and w?
7
Let q be 18/1 + (-2 - 0). Let b = 14 + q. What is the greatest common factor of 75 and b?
15
Let p be 2/1 - (0 + -1) - -61. Calculate the greatest common factor of 16 and p.
16
Let l be -15*5/((-5)/7). What is the highest common divisor of l and 42?
21
Let x = 7 - 5. Calculate the highest common divisor of 2 and x.
2
Suppose 4*a - 15 = 1. Let b = 17 + -11. Let n be (2 - 0) + b + -4. Calculate the greatest common divisor of a and n.
4
Let m be 2*-1*1 - -7. Let a = -4 + 6. Let o be (-80)/(-2) + a + 3. What is the highest common factor of o and m?
5
Let w(v) = -v**2 - 9*v - 2. Let n be w(-9). Let p be 0 - (n - -1) - -11. What is the highest common divisor of 30 and p?
6
Suppose 3*q - 1 = -f + 1, 0 = 4*f - q - 73. Calculate the highest common factor of 68 and f.
17
S